{"id":3626,"date":"2025-12-11T15:46:10","date_gmt":"2025-12-11T14:46:10","guid":{"rendered":"https:\/\/www.neuklizejto.cz\/?post_type=product&#038;p=3626"},"modified":"2025-12-21T21:17:17","modified_gmt":"2025-12-21T20:17:17","slug":"generalni-uklid-bytu-standart","status":"publish","type":"product","link":"https:\/\/www.neuklizejto.cz\/en\/obchod\/generalni-uklid-bytu-standart\/","title":{"rendered":"Gener\u00e1ln\u00ed \u00faklid bytu &#8211; STANDART"},"content":{"rendered":"<h2><strong>Pro koho je STANDARD vhodn\u00fd<\/strong><\/h2>\n<ul>\n<li>pro dom\u00e1cnosti, kter\u00e9 necht\u011bj\u00ed jen b\u011b\u017en\u00fd \u00faklid, ale opravdu v\u00fdrazn\u011b d\u016fkladn\u011bj\u0161\u00ed \u010di\u0161t\u011bn\u00ed<\/li>\n<li>kdy\u017e se del\u0161\u00ed dobu neukl\u00edzelo a BASIC by nesta\u010dil<\/li>\n<li>p\u0159ed V\u00e1noci, po dovolen\u00e9, p\u0159ed n\u00e1v\u0161t\u011bvou nebo focen\u00edm nemovitosti<\/li>\n<li>obsahuje 95% toho co chce v\u011bt\u0161ina klent\u016f<\/li>\n<\/ul>\n<h2><strong>Co je sou\u010d\u00e1st\u00ed \u00faklidu STANDARD<\/strong><\/h2>\n<h3>1) V\u0161echny pokoje a spole\u010dn\u00e9 prostory<\/h3>\n<ul>\n<li>vys\u00e1t\u00ed v\u0161ech podlah a koberc\u016f<\/li>\n<li>d\u016fkladn\u00e9 vyt\u0159en\u00ed tvrd\u00fdch podlah, odstran\u011bn\u00ed v\u011bt\u0161\u00edch ne\u010distot manu\u00e1ln\u011b<\/li>\n<li>ot\u0159en\u00ed prachu z dostupn\u00fdch i h\u016f\u0159e dostupn\u00fdch m\u00edst (nap\u0159. vr\u0161ky sk\u0159\u00edn\u00ed)<\/li>\n<li>p\u0159esunut\u00ed drobn\u00fdch p\u0159edm\u011bt\u016f a dekorac\u00ed pro \u00fa\u010dely \u00faklidu a vr\u00e1cen\u00ed zp\u011bt<\/li>\n<li>\u00faklid polic, parapet\u016f, sk\u0159\u00edn\u011bk a jejich horn\u00edch \u010d\u00e1st\u00ed<\/li>\n<li>\u010di\u0161t\u011bn\u00ed dve\u0159\u00ed, klik, vyp\u00edna\u010d\u016f a z\u00e1suvek<\/li>\n<li>ot\u0159en\u00ed li\u0161t, hran a r\u00e1m\u016f<\/li>\n<li>\u00faklid vnit\u0159n\u00edch ploch otev\u0159en\u00fdch polic a \u010d\u00e1ste\u010dn\u011b sk\u0159\u00edn\u011bk<\/li>\n<\/ul>\n<h3>2) Kuchy\u0148 \u2013 v\u010detn\u011b vnit\u0159k\u016f a spot\u0159ebi\u010d\u016f<\/h3>\n<ul>\n<li>ot\u0159en\u00ed pracovn\u00edch desek a v\u0161ech kuchy\u0148sk\u00fdch povrch\u016f<\/li>\n<li>\u010di\u0161t\u011bn\u00ed vn\u011bj\u0161\u00edch i vnit\u0159n\u00edch ploch kuchy\u0148sk\u00fdch sk\u0159\u00edn\u011bk <\/li>\n<li>myt\u00ed vnit\u0159k\u016f spot\u0159ebi\u010d\u016f (trouba, mikrovlnka, lednice)<\/li>\n<li>odstran\u011bn\u00ed vodn\u00edho kamene na bateri\u00edch a d\u0159ezu<\/li>\n<li>ot\u0159en\u00ed obklad\u016f v cel\u00e9 plo\u0161e<\/li>\n<li>vy\u010di\u0161t\u011bn\u00ed digesto\u0159e zvenku a vnit\u0159n\u00edch ploch <\/li>\n<\/ul>\n<h3>3) Koupelna a toaleta \u2013 detailn\u011bj\u0161\u00ed \u010di\u0161t\u011bn\u00ed<\/h3>\n<ul>\n<li>kompletn\u00ed \u010di\u0161t\u011bn\u00ed umyvadla, bateri\u00ed a odtok\u016f<\/li>\n<li>vy\u010di\u0161t\u011bn\u00ed sprchov\u00e9ho koutu nebo vany v\u010detn\u011b li\u0161t, spodn\u00edch hran, plastov\u00fdch d\u00edl\u016f<\/li>\n<li>odv\u00e1pn\u011bn\u00ed b\u011b\u017en\u00fdch usazenin (skla, baterie, dla\u017eba, kouty)<\/li>\n<li>\u010di\u0161t\u011bn\u00ed sp\u00e1r na dla\u017edic\u00edch (pokud nejsou extr\u00e9mn\u011b zanesen\u00e9)<\/li>\n<li>detailn\u00ed \u010di\u0161t\u011bn\u00ed WC <\/li>\n<li>myt\u00ed obklad\u016f v cel\u00e9 v\u00fd\u0161ce<\/li>\n<li>le\u0161t\u011bn\u00ed skel, zrcadel a chromov\u00fdch ploch<\/li>\n<\/ul>\n<h3>4) Chodba a vstupn\u00ed \u010d\u00e1st<\/h3>\n<ul>\n<li>vys\u00e1t\u00ed a vyt\u0159en\u00ed cel\u00e9 plochy<\/li>\n<li>\u010di\u0161t\u011bn\u00ed botn\u00edku v\u010detn\u011b vnit\u0159n\u00edch polic <\/li>\n<li>\u010di\u0161t\u011bn\u00ed dve\u0159\u00ed a skel<\/li>\n<li>ot\u0159en\u00ed madel, vyp\u00edna\u010d\u016f, li\u0161t a p\u0159echodov\u00fdch hran<\/li>\n<\/ul>\n<h2><strong>Co nen\u00ed sou\u010d\u00e1st\u00ed STANDARD (pat\u0159\u00ed do Deep Clean)<\/strong><\/h2>\n<p>Tato varianta <strong>nezahrnuje<\/strong>:<\/p>\n<ul>\n<li>renovaci siln\u011b zanedban\u00e9 koupelny nebo kuchyn\u011b<\/li>\n<li>\u010di\u0161t\u011bn\u00ed extr\u00e9mn\u011b zanesen\u00fdch spot\u0159ebi\u010d\u016f<\/li>\n<li>\u010di\u0161t\u011bn\u00ed \u010daloun\u011bn\u00ed, koberc\u016f a matrac\u00ed<\/li>\n<li>myt\u00ed oken a r\u00e1m\u016f (lze dokoupit jako samostatnou slu\u017ebu)<\/li>\n<\/ul>","protected":false},"excerpt":{"rendered":"<p>Pro koho je STANDARD vhodn\u00fd pro dom\u00e1cnosti, kter\u00e9 necht\u011bj\u00ed jen b\u011b\u017en\u00fd \u00faklid, ale opravdu v\u00fdrazn\u011b d\u016fkladn\u011bj\u0161\u00ed \u010di\u0161t\u011bn\u00ed kdy\u017e se del\u0161\u00ed dobu neukl\u00edzelo a BASIC by nesta\u010dil p\u0159ed V\u00e1noci, po dovolen\u00e9, p\u0159ed n\u00e1v\u0161t\u011bvou nebo focen\u00edm nemovitosti obsahuje 95% toho co chce v\u011bt\u0161ina klent\u016f Co je sou\u010d\u00e1st\u00ed \u00faklidu STANDARD 1) V\u0161echny pokoje a spole\u010dn\u00e9 prostory vys\u00e1t\u00ed v\u0161ech [&hellip;]<\/p>\n","protected":false},"featured_media":0,"template":"","meta":{"om_disable_all_campaigns":false,"_monsterinsights_skip_tracking":false,"_monsterinsights_sitenote_active":false,"_monsterinsights_sitenote_note":"","_monsterinsights_sitenote_category":0,"_uf_show_specific_survey":0,"_uf_disable_surveys":false},"product_brand":[],"product_cat":[49],"product_tag":[],"class_list":{"0":"post-3626","1":"product","2":"type-product","3":"status-publish","5":"product_cat-generalni-uklid-m2","7":"first","8":"instock","9":"taxable","10":"shipping-taxable","11":"product-type-variable"},"aioseo_notices":[],"_links":{"self":[{"href":"https:\/\/www.neuklizejto.cz\/en\/wp-json\/wp\/v2\/product\/3626","targetHints":{"allow":["GET"]}}],"collection":[{"href":"https:\/\/www.neuklizejto.cz\/en\/wp-json\/wp\/v2\/product"}],"about":[{"href":"https:\/\/www.neuklizejto.cz\/en\/wp-json\/wp\/v2\/types\/product"}],"wp:attachment":[{"href":"https:\/\/www.neuklizejto.cz\/en\/wp-json\/wp\/v2\/media?parent=3626"}],"wp:term":[{"taxonomy":"product_brand","embeddable":true,"href":"https:\/\/www.neuklizejto.cz\/en\/wp-json\/wp\/v2\/product_brand?post=3626"},{"taxonomy":"product_cat","embeddable":true,"href":"https:\/\/www.neuklizejto.cz\/en\/wp-json\/wp\/v2\/product_cat?post=3626"},{"taxonomy":"product_tag","embeddable":true,"href":"https:\/\/www.neuklizejto.cz\/en\/wp-json\/wp\/v2\/product_tag?post=3626"}],"curies":[{"name":"wp","href":"https:\/\/api.w.org\/{rel}","templated":true}]}}

Generální úklid bytu &#8211; STANDART

<h2><strong>Pro koho je STANDARD vhodný</strong></h2>
<ul>
<li>pro domácnosti, které nechtějí jen běžný úklid, ale opravdu výrazně důkladnější čištění</li>
<li>když se delší dobu neuklízelo a BASIC by nestačil</li>
<li>před Vánoci, po dovolené, před návštěvou nebo focením nemovitosti</li>
<li>obsahuje 95% toho co chce většina klentů</li>
</ul>
<h2><strong>Co je součástí úklidu STANDARD</strong></h2>
<h3>1) Všechny pokoje a společné prostory</h3>
<ul>
<li>vysátí všech podlah a koberců</li>
<li>důkladné vytření tvrdých podlah, odstranění větších nečistot manuálně</li>
<li>otření prachu z dostupných i hůře dostupných míst (např. vršky skříní)</li>
<li>přesunutí drobných předmětů a dekorací pro účely úklidu a vrácení zpět</li>
<li>úklid polic, parapetů, skříněk a jejich horních částí</li>
<li>čištění dveří, klik, vypínačů a zásuvek</li>
<li>otření lišt, hran a rámů</li>
<li>úklid vnitřních ploch otevřených polic a částečně skříněk</li>
</ul>
<h3>2) Kuchyň – včetně vnitřků a spotřebičů</h3>
<ul>
<li>otření pracovních desek a všech kuchyňských povrchů</li>
<li>čištění vnějších i vnitřních ploch kuchyňských skříněk </li>
<li>mytí vnitřků spotřebičů (trouba, mikrovlnka, lednice)</li>
<li>odstranění vodního kamene na bateriích a dřezu</li>
<li>otření obkladů v celé ploše</li>
<li>vyčištění digestoře zvenku a vnitřních ploch </li>
</ul>
<h3>3) Koupelna a toaleta – detailnější čištění</h3>
<ul>
<li>kompletní čištění umyvadla, baterií a odtoků</li>
<li>vyčištění sprchového koutu nebo vany včetně lišt, spodních hran, plastových dílů</li>
<li>odvápnění běžných usazenin (skla, baterie, dlažba, kouty)</li>
<li>čištění spár na dlaždicích (pokud nejsou extrémně zanesené)</li>
<li>detailní čištění WC </li>
<li>mytí obkladů v celé výšce</li>
<li>leštění skel, zrcadel a chromových ploch</li>
</ul>
<h3>4) Chodba a vstupní část</h3>
<ul>
<li>vysátí a vytření celé plochy</li>
<li>čištění botníku včetně vnitřních polic </li>
<li>čištění dveří a skel</li>
<li>otření madel, vypínačů, lišt a přechodových hran</li>
</ul>
<h2><strong>Co není součástí STANDARD (patří do Deep Clean)</strong></h2>
<p>Tato varianta <strong>nezahrnuje</strong>:</p>
<ul>
<li>renovaci silně zanedbané koupelny nebo kuchyně</li>
<li>čištění extrémně zanesených spotřebičů</li>
<li>čištění čalounění, koberců a matrací</li>
<li>mytí oken a rámů (lze dokoupit jako samostatnou službu)</li>
</ul>

<p>Pro koho je STANDARD vhodný pro domácnosti, které nechtějí jen běžný úklid, ale opravdu výrazně důkladnější čištění když se delší dobu neuklízelo a BASIC by nestačil před Vánoci, po dovolené, před návštěvou nebo focením nemovitosti obsahuje 95% toho co chce většina klentů Co je součástí úklidu STANDARD 1) Všechny pokoje a společné prostory vysátí všech [&hellip;]</p>
